et k(l) = -3*l - 27. Let v be k(-13). Let f be c(v). What are the prime factors of (4 + f/(-10))*4?
2, 37
Let h be (14/(-3))/((-1716)/342 + 5). Let d = 907 + h. List the prime factors of d.
3, 17, 23
Suppose 2*v = -14*v. What are the prime factors of 992 - (3 - v/(-3))?
23, 43
Suppose 7730 = 45*l - 35*l. Let t = -373 + l. List the prime factors of t.
2, 5
Let b(w) = -784*w + 7905. List the prime factors of b(-32).
32993
Suppose 4*g - 135597 = 8*t - 9*t, 5*t = 2*g - 67815. List the prime factors of g.
2, 3, 5, 113
Suppose -2*r - 2 = 0, 27*u - 22*u = 5*r + 86010. List the prime factors of u.
103, 167
Let s(c) be the first derivative of 67*c**3/3 + 12*c**2 + 3*c - 25. List the prime factors of s(-3).
2, 3, 89
Suppose -15180 = 3040*i - 3035*i. Let b = -1369 - i. What are the prime factors of b?
1667
Let x(w) = -18*w**2 + 87*w + 437. Let n(b) = -6*b**2 + 29*b + 145. Let d(h) = 11*n(h) - 4*x(h). List the prime factors of d(-8).
463
Let m(t) = 7*t**3 - 7*t**2 - 17*t + 287. What are the prime factors of m(10)?
3, 23, 31
Suppose 0 = -6*z + 10*z + 4*q + 68, z + 5*q + 29 = 0. What are the prime factors of -275*(22/(-7))/((-10)/z)?
2, 5, 11
Let n(y) = 5*y - 6. Let q be n(2). List the prime factors of (-32)/(-3)*30/16*q.
2, 5
List the prime factors of (-1 + (-104)/(-40) + 0)*11140*2.
2, 557
Suppose -x - 2422 - 5674 = -3*g, -g + 3*x + 2688 = 0. What are the prime factors of g?
2, 3, 5
Let g = -47378 - -79754. List the prime factors of g.
2, 3, 19, 71
Suppose -2*r + 65917 = -5*u, -5*r - 4*u + 189359 = 24484. What are the prime factors of r?
32971
Let v = 13923 - 9470. What are the prime factors of v?
61, 73
Let o = 259 - 254. Suppose 3*f + 13*b = 8*b + 2783, 0 = o*f + b - 4675. What are the prime factors of f?
2, 3, 13
Let y(h) = h**3 - 42*h**2 - 39*h - 564. What are the prime factors of y(50)?
2, 7, 1249
Let r(j) = -2*j**3 - 22*j**2 - 28*j - 29. Let k be r(-16). Suppose 3*c - 3*p = k, -7*c - p + 3997 = -3*c. What are the prime factors of c?
2, 499
Let j(m) = -5476*m + 2351. What are the prime factors of j(-3)?
89, 211
Suppose -3*d + 6*d - 1548 = 0. Let p = d - 238. Let o = p - 156. List the prime factors of o.
2, 61
Suppose -17*o + 336424 - 3921 = 0. What are the prime factors of o?
19559
Let o be 2 + 0 + (-2 - (0 + 0)). Let b be 0 - (o + -3)/((-3)/(-2)). Suppose -h + 16 = -5*k - 115, b*k = -2. List the prime factors of h.
2, 3, 7
Let p = 1456 + 363. What are the prime factors of p?
17, 107
Let n = -840 - -1679. What are the prime factors of n?
839
Let s(a) = 3*a**3 + 101*a**2 - 89*a - 10. List the prime factors of s(-31).
3, 7, 71
Let x = -35601 + 56680. List the prime factors of x.
107, 197
Suppose z = -6*v + 5*v + 74, 361 = 5*v + 2*z. Let l = 75 - v. Suppose 4*x + 416 = 4*r, -2*r = l*x - 5 - 203. List the prime factors of r.
2, 13
Suppose 9*m = 19*m - 60. What are the prime factors of (-31680)/(-50) - m/(-15)?
2, 317
Let n(o) be the first derivative of -o**3/3 + 15*o**2/2 - 9*o + 15. Let u be n(13). Suppose -f - 3*z + 9 = 0, 4*z = 4*f - 117 + u. List the prime factors of f.
3, 7
Let a(w) = -64*w**3 - 4*w - 9. Let v be a(-2). Let z = v - -1179. What are the prime factors of z?
2, 5, 13
Let o = 27 - 24. Let g(h) = 3*h**3 - 6*h**2 + h + 1. Let k be g(o). Suppose 0*c = -c + k. List the prime factors of c.
31
Suppose -3*x + 11*x - 56 = 0. Suppose x*s = -645 - 587. Let r = -56 - s. List the prime factors of r.
2, 3, 5
Let u(t) = t**3 - 8*t**2 + 18*t - 4. Let r be u(4). Suppose r*n - 1954 = -3*o + 690, -2640 = -4*n - 4*o. List the prime factors of n.
2, 83
Let o(v) = 3*v + 446. Let w be o(38). Let y = -73 + 103. List the prime factors of w/y - (-1)/3.
19
Let u be -1*((5 - 11) + 59). Suppose 0 = 5*v + 4*f - 109, -5*f + 71 + 39 = 5*v. Let c = v - u. List the prime factors of c.
2, 37
Suppose -4*d = -2*k + 298, -2*k - 3*d + 366 = 33. Let y be (1 - 0)*(-44)/4. Let i = y + k. List the prime factors of i.
2, 37
Suppose 971*w + 5*f + 64618 = 973*w, 0 = -5*w - f + 161545. What are the prime factors of w?
32309
Let d = 353 + -203. Let m = d + -13. List the prime factors of m.
137
Let r(s) = -7*s**2 - s**3 + 203 - 4*s**2 + 13*s**2 - s. Let i be r(0). Suppose 4*q + h = 791, -q - h + i = h. What are the prime factors of q?
197
Let a = -142 - -148. What are the prime factors of a/(-10) + (68472/15)/8?
2, 3, 5, 19
Let p be 1 + 11 - 0/(6 + -3). Suppose 16*g = 12*g + p. Suppose 5*a = 4*m + 1007 - 153, g*a - 3*m - 510 = 0. What are the prime factors of a?
2, 3, 29
Let v be 96*(3 + (-5 - (-32)/12)). Let q = v + 96. List the prime factors of q.
2, 5
Let z(b) = 5*b + 30. Suppose 0 = 9*w - 2*w - 350. Let v = -36 + w. List the prime factors of z(v).
2, 5
Let l = 7810 - 4980. List the prime factors of l.
2, 5, 283
Let u be (-60378)/29 + 1 + 0. Let y = u - -3283. What are the prime factors of y?
2, 601
Suppose t - 16*q + 1 = -17*q, t + 2*q + 6 = 0. Suppose t*g - 5 = -21, -a + 5*g + 263 = 0. What are the prime factors of a?
3
Let w(d) = -d**3 + 123*d**2 + 205*d + 507. What are the prime factors of w(124)?
3, 3517
Suppose 0 = u - 2*p + 4*p + 1, -3*u = 3*p - 6. Suppose 2*y - 4*y = 3*f - 552, 945 = u*f - 5*y. Suppose 4*d = 678 - f. What are the prime factors of d?
3, 41
Let n = -45 + 56. Let c = n - -16. Suppose 5*f + c - 352 = 0. What are the prime factors of f?
5, 13
Let i(r) be the second derivative of -r**3/2 - 9*r**2 - 6*r. Let c be i(-17). What are the prime factors of (-1 - c)*133/(-38)?
7, 17
Let j(p) = 1. Let t(m) = 3*m - 56. Let v(x) = -3*j(x) - t(x). Let h be v(17). Suppose -l + 72 + 116 = h*w, 905 = 5*l + 3*w. List the prime factors of l.
2, 89
Let r = -2228 + 12966. List the prime factors of r.
2, 7, 13, 59
Let x(b) = 0*b - 9 - 3 + b**3 + 4*b - b**2 + 0. What are the prime factors of x(4)?
2, 13
Let r(d) = d - 5. Let t(i) = -1. Let o(z) = r(z) - 4*t(z). Let c be o(4). List the prime factors of (6/(-5))/c - 127/(-5).
5
Let k(s) = -s**3 + 16*s**2 + 9*s + 44. Let f = -606 + 621. List the prime factors of k(f).
2, 101
Let n(w) = -14*w - 262. Let p be n(-19). Suppose -d = 2*m - 2120 + 299, 7349 = p*d - 5*m. What are the prime factors of d?
1831
Let r(q) = -937*q + 1738. List the prime factors of r(-4).
2, 13, 211
Suppose 168676 + 310716 = 71*y. What are the prime factors of y?
2, 211
Let w = 96902 + -63100. What are the prime factors of w?
2, 16901
Let v(q) = 3*q + 33. Let d = -58 + 48. Let m be v(d). Suppose 2*u = z - 3*u - 56, -168 = -5*z - m*u. List the prime factors of z.
2, 3
Suppose 0 = -f + 5*b + 9391, -10253 = -f - 3*b - 918. What are the prime factors of f?
2, 2339
Let i(t) = -65*t - 67. Let c(k) = -97*k - 100. Let o(g) = -5*c(g) + 8*i(g). What are the prime factors of o(-11)?
349
Suppose 42 = 3*w + f + 4*f, f - 12 = -w. Suppose 17*h - 20*h = -w, -4*h - 492 = -4*v. What are the prime factors of v?
2, 3, 7
Let m(n) be the first derivative of n**4/4 - 6*n**3 + 18*n**2 + 5*n + 162. What are the prime factors of m(18)?
653
Let i(m) = -13*m**2 + 25*m + 3. Let r be i(2). What are the prime factors of r*(-5 + 3 - -1233)?
1231
Suppose -46*i - 168*i + 1797520 = -2324976. What are the prime factors of i?
2, 7, 43
Let b(w) = 21327*w - 138. What are the prime factors of b(2)?
2, 3, 1181
Suppose 4*t + 1819 = -13*t. Suppose 0 = -2*n + 2*s - 128, 0 = -4*n + 2*s - 4*s - 226. Let b = n - t. List the prime factors of b.
2, 3
Let d(n) = n**3 + 7*n**2 + 6*n + 4. Let l be d(-6). Let q be 0 - (-60 - (0 - -3))*l. Let u = q + -157. What are the prime factors of u?
5, 19
Let u(k) = 2*k - 6. Let y be u(6). Let g be (87/(-174))/(1/(-186)). Suppose -d - 2*r = -13, y = -4*d - r + g. What are the prime factors of d?
23
Suppose -79*q + 84*q = -4*a + 45705, -5*q - 57165 = -5*a. List the prime factors of a.
2, 3, 5, 127
Suppose -4*s - 3823 = -5*s + 4*n, -5*s + n = -19039. Suppose 0 = -2*b - 9*v + 8*v + s, 4*b + 3*v - 7609 = 0. What are the prime factors of b?
2, 953
Let i(a) = -a**3 - 33*a**2 + a - 77. Let g be i(-33). Let o = g + 1692. List the prime factors of o.
2, 7, 113
Let p be (-25)/35*(-8 + 1). Let b = 12 + 50. Suppose -p*g = -222 + b. List the prime factors of g.
2
Let l be (-14982)/15 + (-8)/(-10). Let f = -654 - l. List the prime factors of f.
2, 43
Let n(a) = a**3 - 5*a**2 + 4. Let f(r) = r**2 - 5*r + 5. Let d be f(5). Let q be n(d). What are the prime factors of 5/((-10)/q) - (-2 - 80)?